st common divisor of 182 and 14.
14
What is the greatest common factor of 285 and 380?
95
What is the highest common divisor of 396 and 891?
99
What is the greatest common factor of 8881 and 83?
83
What is the greatest common divisor of 2608 and 4?
4
What is the highest common divisor of 380 and 460?
20
Calculate the greatest common divisor of 1085 and 35.
35
What is the greatest common divisor of 2790 and 105?
15
What is the greatest common factor of 175 and 2500?
25
Calculate the greatest common divisor of 517 and 22.
11
Calculate the highest common factor of 143 and 1331.
11
Calculate the greatest common factor of 153 and 747.
9
Calculate the highest common factor of 135 and 465.
15
Calculate the greatest common divisor of 464 and 348.
116
What is the greatest common factor of 219 and 146?
73
Calculate the greatest common factor of 34096 and 16.
16
Calculate the highest common divisor of 56 and 28.
28
Calculate the highest common factor of 35 and 238.
7
What is the greatest common divisor of 37179 and 17?
17
What is the greatest common factor of 13460 and 20?
20
Calculate the highest common divisor of 75 and 135.
15
Calculate the highest common divisor of 176 and 33.
11
What is the highest common factor of 440 and 984?
8
Calculate the greatest common factor of 2656 and 249.
83
What is the highest common divisor of 1200 and 64?
16
Calculate the greatest common factor of 5 and 160.
5
What is the greatest common divisor of 10804 and 148?
148
What is the highest common factor of 220 and 140?
20
What is the highest common factor of 91 and 52?
13
Calculate the highest common factor of 58 and 174.
58
Calculate the highest common divisor of 17172 and 810.
162
Calculate the highest common factor of 148 and 407.
37
Calculate the highest common factor of 27 and 675.
27
Calculate the greatest common factor of 14 and 413.
7
What is the greatest common divisor of 2592 and 6264?
216
What is the highest common divisor of 42 and 6594?
42
What is the highest common factor of 196 and 10094?
98
What is the greatest common factor of 18 and 5670?
18
What is the greatest common factor of 20 and 80?
20
What is the greatest common divisor of 26621 and 7?
7
What is the greatest common factor of 882 and 342?
18
What is the highest common factor of 40 and 11660?
20
What is the greatest common factor of 440 and 10648?
88
What is the greatest common divisor of 11 and 38863?
11
Calculate the highest common divisor of 33 and 3399.
33
What is the greatest common factor of 2261 and 76?
19
What is the highest common divisor of 38 and 14554?
38
Calculate the highest common factor of 1887 and 51.
51
Calculate the highest common divisor of 35 and 9835.
35
What is the highest common divisor of 18 and 7?
1
Calculate the greatest common factor of 190 and 3154.
38
What is the highest common divisor of 5248 and 41?
41
Calculate the greatest common factor of 9 and 99.
9
Calculate the greatest common factor of 150 and 950.
50
Calculate the greatest common factor of 2461 and 69.
23
Calculate the highest common factor of 15 and 15.
15
What is the greatest common factor of 56 and 2828?
28
What is the greatest common factor of 999 and 54?
27
What is the greatest common divisor of 120 and 3345?
15
Calculate the greatest common factor of 4088 and 56.
56
What is the greatest common divisor of 822 and 14522?
274
What is the greatest common factor of 16 and 88?
8
What is the highest common divisor of 474 and 2133?
237
What is the greatest common factor of 170 and 187?
17
Calculate the greatest common factor of 3852 and 1605.
321
What is the highest common factor of 26 and 40?
2
Calculate the highest common factor of 2508 and 396.
132
What is the greatest common divisor of 175 and 1239?
7
What is the highest common divisor of 26167 and 137?
137
Calculate the greatest common factor of 21 and 2.
1
Calculate the greatest common divisor of 5338 and 34.
34
Calculate the highest common factor of 40 and 40.
40
Calculate the greatest common divisor of 68 and 323.
17
Calculate the greatest common divisor of 9 and 5.
1
Calculate the highest common divisor of 400 and 25.
25
Calculate the highest common divisor of 111 and 4773.
111
What is the highest common divisor of 132 and 24?
12
What is the greatest common divisor of 266 and 76?
38
What is the highest common divisor of 1295 and 20?
5
What is the highest common divisor of 5 and 3545?
5
Calculate the greatest common divisor of 13 and 8359.
13
What is the highest common factor of 5720 and 130?
130
Calculate the greatest common divisor of 1972 and 4.
4
Calculate the greatest common divisor of 301 and 731.
43
What is the highest common divisor of 1072 and 80?
16
Calculate the highest common factor of 1 and 103.
1
What is the highest common divisor of 63 and 966?
21
Calculate the highest common factor of 505 and 10.
5
Calculate the highest common divisor of 3 and 117.
3
Calculate the highest common divisor of 31320 and 5.
5
Calculate the greatest common factor of 336 and 84.
84
Calculate the greatest common factor of 3080 and 70.
70
What is the greatest common factor of 6 and 146?
2
Calculate the highest common divisor of 575 and 50.
25
Calculate the highest common divisor of 8064 and 14.
14
Calculate the greatest common divisor of 18 and 6183.
9
Calculate the greatest common factor of 9 and 840.
3
Calculate the greatest common divisor of 175 and 100975.
175
Calculate the highest common factor of 63 and 234.
9
Calculate the highest common factor of 1 and 5.
1
Calculate the highest common divisor of 13 and 4498.
13
What is the highest common factor of 2782 and 182?
26
Calculate the highest common divisor of 3335 and 460.
115
Calculate the greatest common divisor of 84 and 378.
42
Calculate the highest common divisor of 172 and 903.
43
What is the highest common factor of 585 and 207?
9
Calculate the greatest common divisor of 969 and 102.
51
Calculate the greatest common factor of 117 and 36.
9
What is the highest common divisor of 1604 and 6?
2
Calculate the greatest common factor of 18889 and 13.
13
What is the greatest common divisor of 13 and 1664?
13
What is the highest common factor of 2 and 62?
2
Calculate the highest common divisor of 28 and 1512.
28
What is the highest common divisor of 6032 and 87?
29
Calculate the highest common factor of 45 and 405.
45
What is the greatest common divisor of 16 and 2?
2
What is the highest common factor of 6 and 54?
6
What is the greatest common divisor of 720 and 225?
45
What is the highest common divisor of 3468 and 96?
12
Calculate the highest common divisor of 63 and 14364.
63
What is the greatest common factor of 330 and 170?
10
What is the highest common factor of 63 and 168?
21
Calculate the highest common factor of 1342 and 88.
22
Calculate the greatest common factor of 158 and 30178.
158
What is the greatest common factor of 812 and 5568?
116
What is the greatest common factor of 329 and 14?
7
Calculate the greatest common divisor of 20 and 668.
4
What is the highest common divisor of 949 and 13?
13
What is the greatest common factor of 1128 and 192?
24
What is the greatest common divisor of 8 and 268?
4
Calculate the greatest common divisor of 1719 and 36.
9
What is the greatest common divisor of 66 and 88?
22
What is the highest common factor of 8 and 24?
8
What is the highest common divisor of 15 and 2265?
15
What is the highest common factor of 63 and 273?
21
What is the greatest common divisor of 81 and 7830?
27
Calculate the greatest common divisor of 75 and 2225.
25
What is the greatest common divisor of 14 and 224?
14
Calculate the greatest common factor of 2704 and 32.
16
What is the greatest common divisor of 26 and 221?
13
Calculate the greatest common divisor of 784 and 343.
49
Calculate the highest common divisor of 160 and 10.
10
Calculate the highest common divisor of 55 and 30.
5
Calculate the greatest common factor of 1334 and 299.
23
Calculate the greatest common factor of 806 and 1674.
62
What is the highest common factor of 1210 and 320?
10
What is the highest common divisor of 111 and 592?
37
What is the highest common divisor of 21 and 1239?
21
What is the highest common divisor of 340 and 140?
20
Calculate the greatest common divisor of 371 and 35.
7
Calculate the greatest comm